{"id":22,"date":"2014-07-11T13:27:51","date_gmt":"2014-07-11T13:27:51","guid":{"rendered":"http:\/\/marialegio.hu\/wordpress\/?page_id=22"},"modified":"2019-05-14T13:21:54","modified_gmt":"2019-05-14T13:21:54","slug":"tisztsegviselo","status":"publish","type":"page","link":"https:\/\/marialegio.hu\/?page_id=22","title":{"rendered":"Tiszts\u00e9gvisel\u0151"},"content":{"rendered":"<table>\n<tbody>\n<tr>\n<td><i>lelkivezet\u0151:<\/i><\/td>\n<td>Zahar B\u00e9la pl\u00e9b\u00e1nos \u00far<\/td>\n<td>kinevezve: 1998. november<\/td>\n<td><\/td>\n<\/tr>\n<tr>\n<td><i>eln\u00f6k: <\/i><\/td>\n<td>\u00a0Lindmayer Antaln\u00e9 Kati<\/td>\n<td>kinevezve: 2019. m\u00e1jus<\/td>\n<td>\/ m\u00e1sodik hivatali ideje<\/td>\n<\/tr>\n<tr>\n<td><i>aleln\u00f6k:<\/i><\/td>\n<td>N\u00e9meth B\u00e9la<\/td>\n<td>2018. m\u00e1jus<\/td>\n<td>\/ els\u0151 hivatali ideje<\/td>\n<\/tr>\n<tr>\n<td><i>\u00edrnok: <\/i><\/td>\n<td>Ga\u00e1l\u00a0 Zolt\u00e1n<\/td>\n<td>2017. febru\u00e1r<\/td>\n<td>\/ els\u0151 hivatali ideje<\/td>\n<\/tr>\n<tr>\n<td><i>p\u00e9nzt\u00e1rosok:<\/i><\/td>\n<td>Horv\u00e1thn\u00e9 Veress Gabriella<\/td>\n<td>2018. j\u00fanius<\/td>\n<td>\/ els\u0151 hivatali ideje<\/td>\n<\/tr>\n<tr>\n<td><i>terjeszt\u00e9si felel\u0151s:<\/i><\/td>\n<td>\u00a0Holl\u00f3 Andr\u00e1s<\/td>\n<td><\/td>\n<td><\/td>\n<\/tr>\n<tr>\n<td valign=\"top\"><\/td>\n<td><\/td>\n<td colspan=\"2\" rowspan=\"8\"><\/td>\n<\/tr>\n<tr>\n<td><i>\u00a0<\/i><\/td>\n<td><\/td>\n<\/tr>\n<tr>\n<td><i>\u00a0<\/i><\/td>\n<td><\/td>\n<\/tr>\n<tr>\n<td><i>\u00a0<\/i><\/td>\n<td><\/td>\n<\/tr>\n<tr>\n<td colspan=\"2\"><b>M\u00e1ria L\u00e9gi\u00f3 \u00fajs\u00e1ga<\/b><\/td>\n<\/tr>\n<tr>\n<td><i>szerkeszt\u0151:<\/i><\/td>\n<td>Lindmayer Antaln\u00e9 Kati<\/td>\n<\/tr>\n<tr>\n<td><i>\u00a0<\/i><\/td>\n<td><\/td>\n<\/tr>\n<\/tbody>\n<\/table>\n","protected":false},"excerpt":{"rendered":"<p>lelkivezet\u0151: Zahar B\u00e9la pl\u00e9b\u00e1nos \u00far kinevezve: 1998. november eln\u00f6k: \u00a0Lindmayer Antaln\u00e9 Kati kinevezve: 2019. m\u00e1jus \/ m\u00e1sodik hivatali ideje aleln\u00f6k: N\u00e9meth B\u00e9la 2018. m\u00e1jus \/ els\u0151 hivatali ideje \u00edrnok: Ga\u00e1l\u00a0 Zolt\u00e1n 2017. febru\u00e1r \/ els\u0151 hivatali ideje p\u00e9nzt\u00e1rosok: Horv\u00e1thn\u00e9 Veress Gabriella 2018. j\u00fanius \/ els\u0151 hivatali ideje terjeszt\u00e9si felel\u0151s: \u00a0Holl\u00f3 Andr\u00e1s \u00a0 \u00a0 \u00a0 M\u00e1ria &hellip; <a href=\"https:\/\/marialegio.hu\/?page_id=22\" class=\"more-link\"><span class=\"screen-reader-text\">Tiszts\u00e9gvisel\u0151<\/span> b\u0151vebben&#8230; <span class=\"meta-nav\">&rarr;<\/span><\/a><\/p>\n","protected":false},"author":1,"featured_media":0,"parent":0,"menu_order":0,"comment_status":"closed","ping_status":"closed","template":"","meta":{"footnotes":""},"class_list":["post-22","page","type-page","status-publish","hentry"],"_links":{"self":[{"href":"https:\/\/marialegio.hu\/index.php?rest_route=\/wp\/v2\/pages\/22","targetHints":{"allow":["GET"]}}],"collection":[{"href":"https:\/\/marialegio.hu\/index.php?rest_route=\/wp\/v2\/pages"}],"about":[{"href":"https:\/\/marialegio.hu\/index.php?rest_route=\/wp\/v2\/types\/page"}],"author":[{"embeddable":true,"href":"https:\/\/marialegio.hu\/index.php?rest_route=\/wp\/v2\/users\/1"}],"replies":[{"embeddable":true,"href":"https:\/\/marialegio.hu\/index.php?rest_route=%2Fwp%2Fv2%2Fcomments&post=22"}],"version-history":[{"count":9,"href":"https:\/\/marialegio.hu\/index.php?rest_route=\/wp\/v2\/pages\/22\/revisions"}],"predecessor-version":[{"id":202,"href":"https:\/\/marialegio.hu\/index.php?rest_route=\/wp\/v2\/pages\/22\/revisions\/202"}],"wp:attachment":[{"href":"https:\/\/marialegio.hu\/index.php?rest_route=%2Fwp%2Fv2%2Fmedia&parent=22"}],"curies":[{"name":"wp","href":"https:\/\/api.w.org\/{rel}","templated":true}]}}

Tisztségviselő

<table>
<tbody>
<tr>
<td><i>lelkivezető:</i></td>
<td>Zahar Béla plébános úr</td>
<td>kinevezve: 1998. november</td>
<td></td>
</tr>
<tr>
<td><i>elnök: </i></td>
<td> Lindmayer Antalné Kati</td>
<td>kinevezve: 2019. május</td>
<td>/ második hivatali ideje</td>
</tr>
<tr>
<td><i>alelnök:</i></td>
<td>Németh Béla</td>
<td>2018. május</td>
<td>/ első hivatali ideje</td>
</tr>
<tr>
<td><i>írnok: </i></td>
<td>Gaál  Zoltán</td>
<td>2017. február</td>
<td>/ első hivatali ideje</td>
</tr>
<tr>
<td><i>pénztárosok:</i></td>
<td>Horváthné Veress Gabriella</td>
<td>2018. június</td>
<td>/ első hivatali ideje</td>
</tr>
<tr>
<td><i>terjesztési felelős:</i></td>
<td> Holló András</td>
<td></td>
<td></td>
</tr>
<tr>
<td valign="top"></td>
<td></td>
<td colspan="2" rowspan="8"></td>
</tr>
<tr>
<td><i> </i></td>
<td></td>
</tr>
<tr>
<td><i> </i></td>
<td></td>
</tr>
<tr>
<td><i> </i></td>
<td></td>
</tr>
<tr>
<td colspan="2"><b>Mária Légió újsága</b></td>
</tr>
<tr>
<td><i>szerkesztő:</i></td>
<td>Lindmayer Antalné Kati</td>
</tr>
<tr>
<td><i> </i></td>
<td></td>
</tr>
</tbody>
</table>

<p>lelkivezető: Zahar Béla plébános úr kinevezve: 1998. november elnök:  Lindmayer Antalné Kati kinevezve: 2019. május / második hivatali ideje alelnök: Németh Béla 2018. május / első hivatali ideje írnok: Gaál  Zoltán 2017. február / első hivatali ideje pénztárosok: Horváthné Veress Gabriella 2018. június / első hivatali ideje terjesztési felelős:  Holló András       Mária &hellip; <a href="https://marialegio.hu/?page_id=22" class="more-link"><span class="screen-reader-text">Tisztségviselő</span> bővebben&#8230; <span class="meta-nav">&rarr;</span></a></p>
