{"id":4,"date":"2014-07-11T08:34:00","date_gmt":"2014-07-11T08:34:00","guid":{"rendered":"http:\/\/marialegio.hu\/wordpress\/?page_id=4"},"modified":"2014-07-13T11:47:52","modified_gmt":"2014-07-13T11:47:52","slug":"kezdooldal","status":"publish","type":"page","link":"https:\/\/marialegio.hu\/","title":{"rendered":"Kezd\u0151oldal"},"content":{"rendered":"<p><center><a href=\"http:\/\/marialegio.hu\/wordpress\/wp-content\/uploads\/2014\/07\/Tessera05.png\"><img loading=\"lazy\" decoding=\"async\" class=\"alignnone size-full wp-image-5\" src=\"http:\/\/marialegio.hu\/wordpress\/wp-content\/uploads\/2014\/07\/Tessera05.png\" alt=\"Tessera05\" width=\"156\" height=\"250\" \/><\/a><\/center><center><b><span style=\"font-size: 36.0pt; color: #cc0000;\">Magyar M\u00e1ria L\u00e9gi\u00f3 R\u00e9gi\u00e1ja<\/span><\/b><br \/>\n<b><span style=\"font-size: 36.0pt; color: #339900;\">\u00dcdv\u00f6zl\u00fcnk<\/span><\/b><br \/>\n<b><span style=\"font-size: 14.0pt; font-family: Verdana; color: #003399;\">a Magyar M\u00e1ria L\u00e9gi\u00f3 honlapj\u00e1n<\/span><\/b><br \/>\n<b><span style=\"font-size: 36.0pt; color: #cc0000;\">M\u00e1ria L\u00e9gi\u00f3<\/span><\/b><br \/>\n<b><span style=\"font-size: 14.0pt; font-family: Verdana; color: #003399;\">Katolikus vil\u00e1gi szervezet <\/span><\/b><br \/>\n<b><i><span style=\"font-size: 11.0pt; mso-bidi-font-size: 12.0pt; color: #993366;\">\u201eA M\u00e1ria L\u00e9gi\u00f3 a Katolikus Egyh\u00e1z<\/span><\/i><\/b><b style=\"mso-bidi-font-weight: normal;\"><i style=\"mso-bidi-font-style: normal;\"><\/i><\/b><br \/>\n<b><i><span style=\"font-size: 11.0pt; mso-bidi-font-size: 12.0pt; color: #993366;\">igazi arculat\u00e1t jelen\u00edti meg\u201d<\/span><\/i><\/b><br \/>\n<b><span style=\"font-size: 10.0pt; mso-bidi-font-size: 12.0pt; color: #993366;\">(Boldog XXIII. J\u00e1nos p\u00e1pa)<\/span><\/b><\/center><\/p>\n","protected":false},"excerpt":{"rendered":"<p>Magyar M\u00e1ria L\u00e9gi\u00f3 R\u00e9gi\u00e1ja \u00dcdv\u00f6zl\u00fcnk a Magyar M\u00e1ria L\u00e9gi\u00f3 honlapj\u00e1n M\u00e1ria L\u00e9gi\u00f3 Katolikus vil\u00e1gi szervezet \u201eA M\u00e1ria L\u00e9gi\u00f3 a Katolikus Egyh\u00e1z igazi arculat\u00e1t jelen\u00edti meg\u201d (Boldog XXIII. J\u00e1nos p\u00e1pa)<\/p>\n","protected":false},"author":1,"featured_media":0,"parent":0,"menu_order":0,"comment_status":"open","ping_status":"open","template":"","meta":{"footnotes":""},"class_list":["post-4","page","type-page","status-publish","hentry"],"_links":{"self":[{"href":"https:\/\/marialegio.hu\/index.php?rest_route=\/wp\/v2\/pages\/4","targetHints":{"allow":["GET"]}}],"collection":[{"href":"https:\/\/marialegio.hu\/index.php?rest_route=\/wp\/v2\/pages"}],"about":[{"href":"https:\/\/marialegio.hu\/index.php?rest_route=\/wp\/v2\/types\/page"}],"author":[{"embeddable":true,"href":"https:\/\/marialegio.hu\/index.php?rest_route=\/wp\/v2\/users\/1"}],"replies":[{"embeddable":true,"href":"https:\/\/marialegio.hu\/index.php?rest_route=%2Fwp%2Fv2%2Fcomments&post=4"}],"version-history":[{"count":1,"href":"https:\/\/marialegio.hu\/index.php?rest_route=\/wp\/v2\/pages\/4\/revisions"}],"predecessor-version":[{"id":6,"href":"https:\/\/marialegio.hu\/index.php?rest_route=\/wp\/v2\/pages\/4\/revisions\/6"}],"wp:attachment":[{"href":"https:\/\/marialegio.hu\/index.php?rest_route=%2Fwp%2Fv2%2Fmedia&parent=4"}],"curies":[{"name":"wp","href":"https:\/\/api.w.org\/{rel}","templated":true}]}}

Kezdőoldal

<p><center><a href="http://marialegio.hu/wordpress/wp-content/uploads/2014/07/Tessera05.png"><img loading="lazy" decoding="async" class="alignnone size-full wp-image-5" src="http://marialegio.hu/wordpress/wp-content/uploads/2014/07/Tessera05.png" alt="Tessera05" width="156" height="250" /></a></center><center><b><span style="font-size: 36.0pt; color: #cc0000;">Magyar Mária Légió Régiája</span></b><br />
<b><span style="font-size: 36.0pt; color: #339900;">Üdvözlünk</span></b><br />
<b><span style="font-size: 14.0pt; font-family: Verdana; color: #003399;">a Magyar Mária Légió honlapján</span></b><br />
<b><span style="font-size: 36.0pt; color: #cc0000;">Mária Légió</span></b><br />
<b><span style="font-size: 14.0pt; font-family: Verdana; color: #003399;">Katolikus világi szervezet </span></b><br />
<b><i><span style="font-size: 11.0pt; mso-bidi-font-size: 12.0pt; color: #993366;">„A Mária Légió a Katolikus Egyház</span></i></b><b style="mso-bidi-font-weight: normal;"><i style="mso-bidi-font-style: normal;"></i></b><br />
<b><i><span style="font-size: 11.0pt; mso-bidi-font-size: 12.0pt; color: #993366;">igazi arculatát jeleníti meg”</span></i></b><br />
<b><span style="font-size: 10.0pt; mso-bidi-font-size: 12.0pt; color: #993366;">(Boldog XXIII. János pápa)</span></b></center></p>

<p>Magyar Mária Légió Régiája Üdvözlünk a Magyar Mária Légió honlapján Mária Légió Katolikus világi szervezet „A Mária Légió a Katolikus Egyház igazi arculatát jeleníti meg” (Boldog XXIII. János pápa)</p>
