{"id":58,"date":"2014-07-13T11:50:16","date_gmt":"2014-07-13T11:50:16","guid":{"rendered":"http:\/\/marialegio.hu\/wordpress\/?page_id=58"},"modified":"2014-07-14T06:48:13","modified_gmt":"2014-07-14T06:48:13","slug":"lelkisege","status":"publish","type":"page","link":"https:\/\/marialegio.hu\/?page_id=58","title":{"rendered":"Lelkis\u00e9ge"},"content":{"rendered":"<h1>\u00a0M\u00c1RIA\u00a0 L\u00c9GI\u00d3<\/h1>\n<p><strong>\u00a0\u00a0\u00a0\u00a0 \u00a0<img loading=\"lazy\" decoding=\"async\" src=\"http:\/\/www.marialegio.hu\/webmiaML_elemei\/image001.jpg\" alt=\"\" width=\"203\" height=\"310\" \/>\u00a0\u00a0\u00a0\u00a0\u00a0\u00a0\u00a0\u00a0\u00a0 <img loading=\"lazy\" decoding=\"async\" class=\"alignnone\" src=\"http:\/\/www.marialegio.hu\/webjelkep2_elemei\/image008.jpg\" alt=\"\" width=\"178\" height=\"252\" align=\"left\" hspace=\"12\" \/><\/strong><\/p>\n<p><strong>\u00a0<\/strong><\/p>\n<p><strong>\u201eA M\u00e1ria L\u00e9gi\u00f3 a katolikus Egyh\u00e1z igazi arculat\u00e1t jelen\u00edti meg.\u201d\u00a0\u00a0 <\/strong><em>XXIII. J\u00e1nos p\u00e1pa\u00a0\u00a0\u00a0\u00a0\u00a0\u00a0 <\/em><\/p>\n<p><strong>\u00a0<\/strong><strong>Eredete:<\/strong><\/p>\n<p style=\"text-align: justify;\">\u00cdrorsz\u00e1gban, Dublinban 1921. szeptember 7-\u00e9n, Sz\u0171z M\u00e1ria sz\u00fclet\u00e9snapj\u00e1nak el\u0151est\u00e9j\u00e9n alap\u00edtotta n\u00e9h\u00e1ny szem\u00e9ly, akik valami nagyot akartak tenni J\u00e9zus\u00e9rt. Az alap\u00edt\u00f3k az Egyh\u00e1z harc\u00e1t szeml\u00e9lve, a R\u00f3mai Birodalom hadsereg\u00e9nek nev\u00e9t \u00e9s kifejez\u00e9seit alkalmazt\u00e1k magukra. A M\u00e1ria L\u00e9gi\u00f3 serege \u00e9s fegyverei azonban nem e vil\u00e1gb\u00f3l val\u00f3k. Az alap\u00edt\u00e1st\u00f3l eltelt id\u0151szakban F\u00f6ld\u00fcnk minden r\u00e9sz\u00e9n elterjedt ez a katolikus vil\u00e1gi lelkis\u00e9gi mozgalom. \u00cdgy haz\u00e1nkban is \u00fajra m\u0171k\u00f6dik 1989 \u00f3ta.<\/p>\n<p style=\"text-align: justify;\">A M\u00e1ria L\u00e9gi\u00f3t az elm\u00e9ly\u00fcl\u00e9st keres\u0151, hit\u00fcket meg\u00e9lni \u00e9s tov\u00e1bbadni k\u00edv\u00e1n\u00f3 emberek hozt\u00e1k l\u00e9tre. A mozgalom l\u00e9nyege a felismer\u00e9s: \u201eahogy M\u00e1ria adta a vil\u00e1gnak J\u00e9zust, \u00fagy kell nek\u00fcnk is mindennap megmutatnunk \u00d6t az embereknek.\u201d<\/p>\n<p style=\"text-align: justify;\"><strong>\u00a0\u00d6sszej\u00f6vetel:<\/strong><\/p>\n<p style=\"text-align: justify;\">Hetente egyszer, a k\u00f6z\u00f6ss\u00e9g \u00e1ltal meghat\u00e1rozott id\u0151pontban, pl\u00e9b\u00e1ni\u00e1n vagy b\u00e1rmely m\u00e1s helyis\u00e9gben t\u00f6rt\u00e9nhet. A megszabott rend szerinti \u00fcl\u00e9s id\u0151tartama kb. m\u00e1sf\u00e9l \u00f3ra. A tagok \u00e1ltal v\u00e1lasztott eln\u00f6k vezeti a K\u00e9zik\u00f6nyv \u00e1ltal meghat\u00e1rozott rend szerint. Minden \u00fcl\u00e9s Szentl\u00e9lekh\u00edv\u00e1ssal \u00e9s \u00f6t tized R\u00f3zsaf\u00fcz\u00e9r elim\u00e1dkoz\u00e1s\u00e1val kezd\u0151dik. Ezt k\u00f6veti a K\u00e9zik\u00f6nyvb\u0151l val\u00f3 felolvas\u00e1s. Ut\u00e1na megosztjuk egym\u00e1ssal az el\u0151z\u0151 h\u00e9t apostolkod\u00e1s\u00e1nak \u00f6r\u00f6meit, majd megbesz\u00e9lj\u00fck a k\u00f6vetkez\u0151 heti feladatokat. E k\u00f6zben a lelkivezet\u0151, &#8211; aki lehet papi, szerzetesi, ill. lelki\u00e9let\u00e9ben el\u0151rehaladott szem\u00e9ly \u2013 5-10 perces \u00fagynevezett allocuti\u00f3t mond.<\/p>\n<p style=\"text-align: justify;\"><strong>\u00a0Ki lehet a M\u00e1ria L\u00e9gi\u00f3 tagja?<\/strong><\/p>\n<p style=\"text-align: justify;\">Mindenki alkalmas a l\u00e9gi\u00f3s munk\u00e1ra, ha egyh\u00e1zilag rendezett \u00e9letet \u00e9l: r\u00f3mai katolikus, rendszeresen t\u00f6ltekezik a szents\u00e9gek kegyelmi erej\u00e9b\u0151l, mag\u00e1n\u00e9lete rendezett.<\/p>\n<p style=\"text-align: justify;\"><em>Akt\u00edv tags\u00e1g felt\u00e9telei:<\/em> v\u00e1llalja a r\u00e9szv\u00e9telt a hetenk\u00e9nti \u00fcl\u00e9seken, a munkav\u00e9gz\u00e9st \u00e9s azt, hogy naponta elim\u00e1dkozza a l\u00e9gi\u00f3s im\u00e1ds\u00e1got \u2013 a Tesszer\u00e1t &#8211; (kb. 5 perc).<\/p>\n<p style=\"text-align: justify;\"><em>Im\u00e1dkoz\u00f3 tag<\/em> b\u00e1rki lehet, aki naponta elim\u00e1dkozza a l\u00e9gi\u00f3s im\u00e1ds\u00e1got \u00e9s \u00f6t tized R\u00f3zsaf\u00fcz\u00e9rt. Ha egy\u00e9bk\u00e9nt is szokta m\u00e1s sz\u00e1nd\u00e9kra im\u00e1dkozni, az belesz\u00e1m\u00edt. Nagyon fontos az \u0151 tev\u00e9kenys\u00e9g\u00fck, mivel \u0151k seg\u00edtik im\u00e1ikkal az akt\u00edv tagok apostoli munk\u00e1j\u00e1t.<\/p>\n<p style=\"text-align: justify;\"><strong>Hogyan alakulhat M\u00e1ria L\u00e9gi\u00f3s csoport?<\/strong><\/p>\n<p style=\"text-align: justify;\">Felt\u00e9tlen a M\u00e1ria L\u00e9gi\u00f3 m\u00e1r m\u0171k\u00f6d\u0151 csoportja seg\u00edts\u00e9g\u00e9vel, a felettes szervek beleegyez\u00e9s\u00e9vel. A M\u00e1ria L\u00e9gi\u00f3 vezet\u0151i el\u0151zetesen enged\u00e9lyt k\u00e9rnek a helyi pl\u00e9b\u00e1nos aty\u00e1t\u00f3l. Ennek birtok\u00e1ban \u0151k seg\u00edtik a csoport beindul\u00e1s\u00e1t. Rendszeresen elj\u00e1rnak az \u00fcl\u00e9sekre, azokat vezetik, tan\u00e1csokat adnak. A l\u00e9gi\u00f3s munk\u00e1t j\u00e1tszva, egym\u00e1sra figyelve, egym\u00e1st\u00f3l tanuljuk meg. Elsaj\u00e1t\u00edt\u00e1s\u00e1ban a M\u00e1ria L\u00e9gi\u00f3 k\u00e9zik\u00f6nyve jelent\u0151s szerepet j\u00e1tszik, ez\u00e9rt abb\u00f3l minden \u00fcl\u00e9sen felolvasunk. A benne le\u00edrtak adj\u00e1k az alapot, amelyre b\u00e1rmely probl\u00e9m\u00e1nk megold\u00e1s\u00e1n\u00e1l t\u00e1maszkodhatunk.<\/p>\n<p><span style=\"font-size: 12pt;\">\u00a0\u00a0\u00a0\u00a0\u00a0\u00a0\u00a0\u00a0\u00a0\u00a0 <span style=\"font-size: 12pt;\"><img loading=\"lazy\" decoding=\"async\" src=\"http:\/\/www.marialegio.hu\/webmiaML_elemei\/image002.jpg\" alt=\"\" width=\"194\" height=\"289\" \/><\/span><\/span><\/p>\n<p>&nbsp;<\/p>\n<p>Vexilum, a M\u00e1ria L\u00e9gi\u00f3 z\u00e1szlaja<\/p>\n<p><strong><em>Nagyon fontos meg\u00e9rten\u00fcnk azt, hogy nem mi v\u00e1lasztottuk-v\u00e1lasztjuk a L\u00e9gi\u00f3t,\u00a0<\/em><\/strong><strong><em>\u00a0hanem a Sz\u0171zanya v\u00e1lasztott-v\u00e1laszt ki minket. <\/em><\/strong><strong><em>Ez k\u00f6telez arra, hogy lelkiismeret\u00fcnk szerint mindig a lehet\u0151 legt\u00f6bbet ny\u00fajtsuk.<\/em><\/strong><\/p>\n","protected":false},"excerpt":{"rendered":"<p>\u00a0M\u00c1RIA\u00a0 L\u00c9GI\u00d3 \u00a0\u00a0\u00a0\u00a0 \u00a0\u00a0\u00a0\u00a0\u00a0\u00a0\u00a0\u00a0\u00a0\u00a0 \u00a0 \u201eA M\u00e1ria L\u00e9gi\u00f3 a katolikus Egyh\u00e1z igazi arculat\u00e1t jelen\u00edti meg.\u201d\u00a0\u00a0 XXIII. J\u00e1nos p\u00e1pa\u00a0\u00a0\u00a0\u00a0\u00a0\u00a0 \u00a0Eredete: \u00cdrorsz\u00e1gban, Dublinban 1921. szeptember 7-\u00e9n, Sz\u0171z M\u00e1ria sz\u00fclet\u00e9snapj\u00e1nak el\u0151est\u00e9j\u00e9n alap\u00edtotta n\u00e9h\u00e1ny szem\u00e9ly, akik valami nagyot akartak tenni J\u00e9zus\u00e9rt. Az alap\u00edt\u00f3k az Egyh\u00e1z harc\u00e1t szeml\u00e9lve, a R\u00f3mai Birodalom hadsereg\u00e9nek nev\u00e9t \u00e9s kifejez\u00e9seit alkalmazt\u00e1k magukra. A M\u00e1ria L\u00e9gi\u00f3 &hellip; <a href=\"https:\/\/marialegio.hu\/?page_id=58\" class=\"more-link\"><span class=\"screen-reader-text\">Lelkis\u00e9ge<\/span> b\u0151vebben&#8230; <span class=\"meta-nav\">&rarr;<\/span><\/a><\/p>\n","protected":false},"author":1,"featured_media":0,"parent":0,"menu_order":0,"comment_status":"closed","ping_status":"closed","template":"","meta":{"footnotes":""},"class_list":["post-58","page","type-page","status-publish","hentry"],"_links":{"self":[{"href":"https:\/\/marialegio.hu\/index.php?rest_route=\/wp\/v2\/pages\/58","targetHints":{"allow":["GET"]}}],"collection":[{"href":"https:\/\/marialegio.hu\/index.php?rest_route=\/wp\/v2\/pages"}],"about":[{"href":"https:\/\/marialegio.hu\/index.php?rest_route=\/wp\/v2\/types\/page"}],"author":[{"embeddable":true,"href":"https:\/\/marialegio.hu\/index.php?rest_route=\/wp\/v2\/users\/1"}],"replies":[{"embeddable":true,"href":"https:\/\/marialegio.hu\/index.php?rest_route=%2Fwp%2Fv2%2Fcomments&post=58"}],"version-history":[{"count":12,"href":"https:\/\/marialegio.hu\/index.php?rest_route=\/wp\/v2\/pages\/58\/revisions"}],"predecessor-version":[{"id":117,"href":"https:\/\/marialegio.hu\/index.php?rest_route=\/wp\/v2\/pages\/58\/revisions\/117"}],"wp:attachment":[{"href":"https:\/\/marialegio.hu\/index.php?rest_route=%2Fwp%2Fv2%2Fmedia&parent=58"}],"curies":[{"name":"wp","href":"https:\/\/api.w.org\/{rel}","templated":true}]}}

Lelkisége

<h1> MÁRIA  LÉGIÓ</h1>
<p><strong>      <img loading="lazy" decoding="async" src="http://www.marialegio.hu/webmiaML_elemei/image001.jpg" alt="" width="203" height="310" />          <img loading="lazy" decoding="async" class="alignnone" src="http://www.marialegio.hu/webjelkep2_elemei/image008.jpg" alt="" width="178" height="252" align="left" hspace="12" /></strong></p>
<p><strong> </strong></p>
<p><strong>„A Mária Légió a katolikus Egyház igazi arculatát jeleníti meg.”   </strong><em>XXIII. János pápa       </em></p>
<p><strong> </strong><strong>Eredete:</strong></p>
<p style="text-align: justify;">Írországban, Dublinban 1921. szeptember 7-én, Szűz Mária születésnapjának előestéjén alapította néhány személy, akik valami nagyot akartak tenni Jézusért. Az alapítók az Egyház harcát szemlélve, a Római Birodalom hadseregének nevét és kifejezéseit alkalmazták magukra. A Mária Légió serege és fegyverei azonban nem e világból valók. Az alapítástól eltelt időszakban Földünk minden részén elterjedt ez a katolikus világi lelkiségi mozgalom. Így hazánkban is újra működik 1989 óta.</p>
<p style="text-align: justify;">A Mária Légiót az elmélyülést kereső, hitüket megélni és továbbadni kívánó emberek hozták létre. A mozgalom lényege a felismerés: „ahogy Mária adta a világnak Jézust, úgy kell nekünk is mindennap megmutatnunk Öt az embereknek.”</p>
<p style="text-align: justify;"><strong> Összejövetel:</strong></p>
<p style="text-align: justify;">Hetente egyszer, a közösség által meghatározott időpontban, plébánián vagy bármely más helyiségben történhet. A megszabott rend szerinti ülés időtartama kb. másfél óra. A tagok által választott elnök vezeti a Kézikönyv által meghatározott rend szerint. Minden ülés Szentlélekhívással és öt tized Rózsafüzér elimádkozásával kezdődik. Ezt követi a Kézikönyvből való felolvasás. Utána megosztjuk egymással az előző hét apostolkodásának örömeit, majd megbeszéljük a következő heti feladatokat. E közben a lelkivezető, &#8211; aki lehet papi, szerzetesi, ill. lelkiéletében előrehaladott személy – 5-10 perces úgynevezett allocutiót mond.</p>
<p style="text-align: justify;"><strong> Ki lehet a Mária Légió tagja?</strong></p>
<p style="text-align: justify;">Mindenki alkalmas a légiós munkára, ha egyházilag rendezett életet él: római katolikus, rendszeresen töltekezik a szentségek kegyelmi erejéből, magánélete rendezett.</p>
<p style="text-align: justify;"><em>Aktív tagság feltételei:</em> vállalja a részvételt a hetenkénti üléseken, a munkavégzést és azt, hogy naponta elimádkozza a légiós imádságot – a Tesszerát &#8211; (kb. 5 perc).</p>
<p style="text-align: justify;"><em>Imádkozó tag</em> bárki lehet, aki naponta elimádkozza a légiós imádságot és öt tized Rózsafüzért. Ha egyébként is szokta más szándékra imádkozni, az beleszámít. Nagyon fontos az ő tevékenységük, mivel ők segítik imáikkal az aktív tagok apostoli munkáját.</p>
<p style="text-align: justify;"><strong>Hogyan alakulhat Mária Légiós csoport?</strong></p>
<p style="text-align: justify;">Feltétlen a Mária Légió már működő csoportja segítségével, a felettes szervek beleegyezésével. A Mária Légió vezetői előzetesen engedélyt kérnek a helyi plébános atyától. Ennek birtokában ők segítik a csoport beindulását. Rendszeresen eljárnak az ülésekre, azokat vezetik, tanácsokat adnak. A légiós munkát játszva, egymásra figyelve, egymástól tanuljuk meg. Elsajátításában a Mária Légió kézikönyve jelentős szerepet játszik, ezért abból minden ülésen felolvasunk. A benne leírtak adják az alapot, amelyre bármely problémánk megoldásánál támaszkodhatunk.</p>
<p><span style="font-size: 12pt;">           <span style="font-size: 12pt;"><img loading="lazy" decoding="async" src="http://www.marialegio.hu/webmiaML_elemei/image002.jpg" alt="" width="194" height="289" /></span></span></p>
<p>&nbsp;</p>
<p>Vexilum, a Mária Légió zászlaja</p>
<p><strong><em>Nagyon fontos megértenünk azt, hogy nem mi választottuk-választjuk a Légiót, </em></strong><strong><em> hanem a Szűzanya választott-választ ki minket. </em></strong><strong><em>Ez kötelez arra, hogy lelkiismeretünk szerint mindig a lehető legtöbbet nyújtsuk.</em></strong></p>

<p> MÁRIA  LÉGIÓ                   „A Mária Légió a katolikus Egyház igazi arculatát jeleníti meg.”   XXIII. János pápa        Eredete: Írországban, Dublinban 1921. szeptember 7-én, Szűz Mária születésnapjának előestéjén alapította néhány személy, akik valami nagyot akartak tenni Jézusért. Az alapítók az Egyház harcát szemlélve, a Római Birodalom hadseregének nevét és kifejezéseit alkalmazták magukra. A Mária Légió &hellip; <a href="https://marialegio.hu/?page_id=58" class="more-link"><span class="screen-reader-text">Lelkisége</span> bővebben&#8230; <span class="meta-nav">&rarr;</span></a></p>
